 k(u) = u**3 - u + 3. Let i be k(0). Suppose i*g + 12 = -6. Let d(n) = -n**3 - 6*n**2 - 2*n - 6. What are the prime factors of d(g)?
2, 3
Let w = 53 + -26. Suppose 3*p + 56 = -2*v + 4*v, -v + w = -2*p. List the prime factors of v.
31
Let i(u) = -u**3 - 5*u**2 - 2*u - 5. Let k be i(-5). Let q(b) = 2*b - 10. Let w be q(7). Suppose k = m - w. List the prime factors of m.
3
Let n be (-2)/(-9) - 102/(-27). Suppose 4*u + k - 18 = 0, 5*u - 3*k = -5*k + 24. Suppose -n*l = -6*l + u. What are the prime factors of l?
2
Let g = 5 - 9. What are the prime factors of g*-4*(3 - 2)?
2
Let h(s) = -10*s + 4. Let f be h(-4). Let r = f - 4. List the prime factors of r.
2, 5
Suppose 2*a - 698 = -82. Suppose a + 2 = 5*s. Let o = s + -43. List the prime factors of o.
19
Let z(x) = 29*x**3 + x**2 - x. Let q be -2 + 2 - (-2 - -1). Let r be z(q). Suppose -75 + r = -5*o - 4*f, f = -4*o + 28. List the prime factors of o.
2, 3
Let d(x) be the third derivative of x**6/120 + 2*x**5/15 + 7*x**4/24 - 5*x**3/3 + 3*x**2. Let a be d(-7). What are the prime factors of (-2)/a - (-54)/5?
11
Let s(y) be the second derivative of y**3/6 + 2*y**2 + y. Let w be s(3). Let r(m) = m**3 - 7*m**2 + 2*m - 5. What are the prime factors of r(w)?
3
Let n be -70 - 3*(-4)/6. Let h = 13 + n. List the prime factors of 2/(-11) + (-890)/h.
2
Let t = 55 + -12. List the prime factors of t.
43
Suppose -15 = -2*d + 5. What are the prime factors of d?
2, 5
Let g(u) = -2*u**2 - u. Let i be g(-1). List the prime factors of i*(-3 + 1 - 1).
3
Suppose -5*i + 5 = n, -4*n - 4*i + 14 + 6 = 0. Suppose 54 = -n*q + 139. List the prime factors of q.
17
Let m(n) = -4*n - 4. List the prime factors of m(-7).
2, 3
Let j(y) be the first derivative of 2*y**4 - 2/3*y**3 + y**2 - 1 - y. List the prime factors of j(1).
7
Suppose 8*o + 453 = 9*o. List the prime factors of o.
3, 151
Let g(a) = 4*a**3 - 45*a**2 - 49*a - 41. Let t(c) = -c**3 + 11*c**2 + 12*c + 10. Let s(v) = 2*g(v) + 9*t(v). List the prime factors of s(10).
2
Let a = 79 - 4. Let z = 109 - a. Let n = -21 + z. What are the prime factors of n?
13
Let h = -286 - -517. What are the prime factors of h?
3, 7, 11
Let j = -4 - -9. Suppose j*c + 3 = -2. Let n(s) = 19*s**2 + s. What are the prime factors of n(c)?
2, 3
Suppose 4*x + 3 - 7 = 0. Let z = 6 + -8. Let o = x - z. What are the prime factors of o?
3
Let w = 33 - -24. Let l be (25/10)/((-1)/16). Let u = l + w. List the prime factors of u.
17
Let p(t) = 2*t + 2. Let d be p(0). List the prime factors of (-228)/(-18)*(d - -1).
2, 19
Suppose 7 = 2*j + 1. Suppose 4*g - 13 = j. Suppose g*m - 16 = -0*m. List the prime factors of m.
2
Let w be 2/(-8) - (-679)/28. Let x = w - 16. List the prime factors of x.
2
Suppose 0 = -3*n + 1 + 8. Let i(d) = d + 1. Let j be i(2). Suppose -18 + j = n*s, -2*s - 1 = 3*a. List the prime factors of a.
3
Suppose 0 = n - 3*n - 3*w + 267, -w = -4*n + 499. List the prime factors of n.
2, 3, 7
Suppose 2*k + 2*k + 3*n = -1, 5*n - 25 = 0. Let f(v) = -4*v - 4. Let d be f(-4). Let o = k + d. What are the prime factors of o?
2
Let k(h) = -8*h**3 + 3*h**2 + 4*h + 4. Let d(m) = -17*m**3 + 5*m**2 + 7*m + 7. Let j(x) = 3*d(x) - 5*k(x). What are the prime factors of j(-1)?
11
Suppose 5*b + 22 = n, -2*n + 2*b = -16 + 4. What are the prime factors of 3/n + (-44)/(-8)?
7
Let k(s) = s**3 - s**2 - 3*s + 5. What are the prime factors of k(2)?
3
Let v(k) = 6 - k**2 - 7*k - 3 - 8. Let z be v(-5). Suppose z*q + 3*w - 50 = -2*w, 5*q - w = 56. What are the prime factors of q?
11
Let h(i) be the first derivative of -3*i**2/2 - 2*i + 1. Let n(u) = u**3 - 9*u**2 - u + 5. Let b be n(9). What are the prime factors of h(b)?
2, 5
Suppose -2*q = 4 + 6, -2*l + 13 = -5*q. Let t(u) = 4*u + 13 - u + u - 3*u. What are the prime factors of t(l)?
7
Let w(t) = -t**3 + 3*t**2 + 6*t + 5. List the prime factors of w(-3).
41
Let c be 12/(-8) - (-2)/(-4). Let a(t) = -4 + 0 - 3 - 4*t + 5. List the prime factors of a(c).
2, 3
Let g be (-10)/2*21/(-35). Suppose -g*x = -2*k + 19, -5*x = -4*k + k + 30. What are the prime factors of k?
5
Let t(r) = -2*r**2 + 6*r + 3. Let g be t(-4). Let z = g + 99. What are the prime factors of z?
2, 23
Let m(u) = u + 19. What are the prime factors of m(7)?
2, 13
Let k = -3 - -4. Let g = 4 - k. Suppose 22 = -t + g*t. What are the prime factors of t?
11
Let s be ((-4)/(-2) - 0)*-2. Let d be 6/s*4/(-3). Suppose -d*r - y + 13 = 0, -4*r = y - 14 - 9. What are the prime factors of r?
5
Let y(c) = -c + 8. Let p be y(5). Let z(x) = 0 - 10*x**2 + 11*x - 4 - x**p + 16. What are the prime factors of z(-11)?
2, 3
Suppose -116 = -5*h + 3*h. List the prime factors of h.
2, 29
Suppose -64 = -3*r + 26. What are the prime factors of r?
2, 3, 5
Let v(x) = -x**3 - 2*x**2 + 4*x + 1. Let w = -10 - -7. Let d be v(w). Let q(c) = 2*c**2 + 3*c. List the prime factors of q(d).
2
Suppose 2*i + 2*x + 82 = 0, -5*x + 10*x - 29 = i. Let d = -9 - i. List the prime factors of d.
2, 3, 5
Suppose 2*j - 9 = -j. Suppose -3*q + 48 = -4*i + j, 0 = 3*q - 2*i - 51. List the prime factors of q.
19
Suppose 129 = 3*j + y, j - 4*j + 144 = -4*y. Suppose -5*l + l + j = 0. What are the prime factors of l?
11
Suppose 0*v - 5 = -5*v. Let f be ((-57)/4)/(v/(-4)). Suppose -3 = -5*g + f. What are the prime factors of g?
2, 3
Suppose -4*t = f - 439, -t = -0*t + f - 112. What are the prime factors of t?
109
Let c be ((-220)/16)/(2/(-8)). Suppose c + 21 = 4*i. List the prime factors of i.
19
Let p(g) = g**3 + 3*g**2 + 3*g + 3. Let v be p(-2). Let f be 4/2 - v*-1. Suppose 3*s = 2*q - 12, 0*s = f*q + 2*s - 5. List the prime factors of q.
3
Let k be (-934)/(-6) + (-4)/6. Let l = -91 + k. Suppose 0 = 4*x - 8*x + l. List the prime factors of x.
2
Let s = -3 - -3. Suppose 0 = -5*t - s*t. Suppose -5*v + 14 + 11 = t. What are the prime factors of v?
5
Suppose p - 150 = 2*i + 5, 0 = 5*i + 15. What are the prime factors of p?
149
Let g(b) = -2 + 14*b + b**2 + b**2 - 3*b**2 - 6. What are the prime factors of g(11)?
5
Let o(k) = -k + 11. What are the prime factors of o(-6)?
17
Suppose 193 = 2*x - 5*k, -98 = -x + 11*k - 10*k. List the prime factors of x.
3, 11
Let k = 21 + -18. Suppose 5*r - 195 = 5*x, -78 = 5*r + k*x - 241. What are the prime factors of r?
5, 7
Let h = 52 + -43. List the prime factors of h.
3
Let x be 28/(12/3) + -1. List the prime factors of x/(-4) + 552/16.
3, 11
Suppose 0*u = 4*u - 20. Let q(x) = 4 - x - 4 + u + 9. What are the prime factors of q(6)?
2
Suppose 5*c = -y + 5*y + 13, -y + 2 = -3*c. List the prime factors of ((-11)/(-7) - 3)*y.
2, 5
List the prime factors of 82 + 14 - (2 - -1).
3, 31
Let t(w) = -2*w**3 + 4*w**2 - w - 2. Suppose -2*y - y = -6. Let h be t(y). What are the prime factors of 2 - 15/6*h?
2, 3
Suppose 28 - 92 = 4*r. Let j = r - -31. Suppose -2*s - s = -j. List the prime factors of s.
5
Let c(m) be the first derivative of -3*m**2/2 - 10*m - 3. List the prime factors of c(-4).
2
List the prime factors of 12 + (-9)/(-7 + 4).
3, 5
Let a(w) = -w - 6. Let y(d) = d - 2. Let n be y(2). Let q be a(n). Let t = -2 - q. List the prime factors of t.
2
Suppose -3*k + 162 = 4*s - s, -3*k - 254 = -5*s. What are the prime factors of s?
2, 13
Let t(q) = q**2 + 3*q - 7. What are the prime factors of t(3)?
11
Let v = -14 - -10. Let o(f) = -2*f**3 - 5*f**2 + 2*f - 2. List the prime factors of o(v).
2, 19
Suppose 3*h = -5*m + 907, 731 = 4*m + 3*h - 6*h. What are the prime factors of m?
2, 7, 13
Let t = 79 + -47. Suppose -t = -4*i + 4. What are the prime factors of i?
3
Suppose 0 = -30*x + 33*x - 123. What are the prime factors of x?
41
Let g(c) = c + 14. What are the prime factors of g(5)?
19
Suppose 154 - 20 = 2*o. Suppose 0 = -2*f + 5*x + 21, o = 4*f - x - 4*x. What are the prime factors of f?
23
Suppose 0*g + 5*g = 3*v + 8, v - 16 = -3*g. Suppose g*b - 37 = 3. What are the prime factors of b?
2, 5
Suppose -3*i - 35 = -8*i. Suppose 4*p - 5 - i = 0. List the prime factors of p.
3
Let q(h) be the second derivative of -h**4/12 - 7*h**3/6 - 7*h**2/2 - 2*h. Let s = -1 - 4. List the prime factors of q(s).
3
Let u be 10/(-2)*(-4)/10. Suppose u*i - 36 = -0*i. What are the prime factors of i?
2, 3
Let q be ((-44)/(-6))/((-4)/(-30)). Let o be (5 - -1) + 1*-1. Suppose -2*s - j + 22 = -0*s, 3*j = o*s - q. What are the prime factors of s?
11
What are the prime fac